 -v**3 + 6*v**2 + 5 - 5. Let w be a(6). Suppose -4*p = -5*u - 41, w = -7*p + 4*p - 4*u + 23. What are the prime factors of p?
3
What are the prime factors of 51 - (-4 + (3 - -4))?
2, 3
Suppose -4*d + 4*v = 73 - 13, v = -4*d - 80. Let c = d - -41. What are the prime factors of c?
2, 11
Suppose -47*p = -49*p + 42. List the prime factors of p.
3, 7
Let z(l) = -l**2 - 3*l - 1. Let r be z(-3). Let m be 1/(2*r/(-50)). Suppose -y + 3*y + m = 5*x, -3*x + 5*y = -15. What are the prime factors of x?
5
Suppose 4*w = -5*k + 2*k + 313, 5*k = -w + 91. What are the prime factors of w?
2, 19
Suppose -3*y = 4*f - 167, -4*y + 10 + 10 = 0. What are the prime factors of f?
2, 19
Let z = 59 + -7. Let u = -36 + z. What are the prime factors of 4/10 - u/(-10)?
2
List the prime factors of (4 - 0)/((-3)/(-18)).
2, 3
Suppose -2*y + 5*y = -2*a + 70, 217 = 5*a - 3*y. List the prime factors of a.
41
What are the prime factors of (225/6 - 6)/((-2)/(-4))?
3, 7
Let d be 4/10 - (-8)/5. Let i = d + 0. Suppose 0 = -4*g + 3*f + 17, i*g + 2 = 2*f + 8. What are the prime factors of g?
2
Let n(d) = 10*d**3 + 1. List the prime factors of n(1).
11
Let o(y) = y**3 + 8*y**2 + 2*y + 6. Let k be o(-8). Let f = k - -19. What are the prime factors of f?
3
Suppose j - 84 = -2*j. Let b = j - 12. List the prime factors of b.
2
Let x = 49 - 18. Let c = 60 - x. List the prime factors of c.
29
Let i = 9 - 15. Let s be (-36)/(-8)*(-16)/i. Suppose -5*c + 8 + s = 0. What are the prime factors of c?
2
Suppose 0 = -5*r + 670 + 315. What are the prime factors of r?
197
Suppose 38 = -4*f - 126. Let q = -21 - f. What are the prime factors of q?
2, 5
Let n(t) = 13*t - 3. Suppose l = 5*l - 24. Let i be n(l). Suppose -2*q = 2*y - 12, i = 4*y - 4*q + 27. List the prime factors of y.
3
Let w(j) = -7 - 1 - 11*j - 1 + 1. List the prime factors of w(-4).
2, 3
Let p = -10 - -12. Suppose 0*a = -p*a + 8. Suppose -4*r - a*l + 32 = -0*r, 3*r - 4*l = 10. List the prime factors of r.
2, 3
Suppose -2*g + 43 - 123 = 0. Let k = -22 - g. List the prime factors of k.
2, 3
Suppose p = -0*p - 3. Let g = 1 - p. What are the prime factors of 2/g*3*2?
3
List the prime factors of (-3)/6*(-3 - 763).
383
Let j(l) = 2*l**3 + l**2 + 12*l - l**3 - 11*l - 2. Let h(z) = -2*z. Let f be h(-1). What are the prime factors of j(f)?
2, 3
Suppose 2*s - 2*k = 3*k - 22, 3*k - 6 = 0. List the prime factors of 266/10 - s/15.
3
Let z be (2 - -1)*(-1 + 2). Suppose 3 = -3*w - 3. Let a = z - w. What are the prime factors of a?
5
Let c(i) = -26*i**3 - 1. Let z be c(-1). Suppose 3*d - 21 - 26 = -5*q, q - 1 = 0. Let f = z - d. What are the prime factors of f?
11
Let y(r) = r**3 + 5*r**2 + 3. What are the prime factors of y(-5)?
3
Suppose -4 = -3*w + 4*w + 4*b, 5*w = -5*b + 55. Suppose -8*g + 7 = -9. Suppose -w = -2*s - 3*a, -4*s - 6*a + 40 = -g*a. What are the prime factors of s?
2, 7
Let n = 9 + 30. List the prime factors of n.
3, 13
Let j(n) = -n**3 + 3*n**2. Let z be j(3). Suppose z = 3*t + m - 25, -t + m + 5 = 3*m. List the prime factors of t.
3
Suppose 4*n - 91 = -p, 0*n = -3*n + 4*p + 54. Let u = 18 + n. Suppose u = 2*i + 3*i. List the prime factors of i.
2
Let n be (-8 + -4)*(0 + -1). Let x be (-1)/(-3)*(5 - -1). Suppose n = 3*o, -2*o + 10 = -s + x*o. What are the prime factors of s?
2, 3
Let s = -62 - -37. Let u = s - -37. What are the prime factors of u?
2, 3
Suppose -4*o - 4*g = -6*g + 2, -3*o + 4*g = -6. Let t be ((-16)/20)/(o/110). Let z = -26 + t. What are the prime factors of z?
2, 3
Let z(j) = -23*j - 1. Let b be z(-1). Suppose -3*w = 3*y + 9, 4*w - 2*y = -4 + b. Suppose 2*o + 12 = 3*f, 2*f + 1 = w*o + 7. List the prime factors of f.
2, 3
Let n(u) = u**2 - 12*u + 30. What are the prime factors of n(16)?
2, 47
Let z = 104 + -63. What are the prime factors of z?
41
Suppose -2 - 124 = -3*u. Suppose -a = 3*k - u, -k - 26 = -2*a + a. List the prime factors of a.
2, 3, 5
Let j(x) = -7*x - 31. List the prime factors of j(-15).
2, 37
Let q(l) = 2*l**2 + 12*l - 10. Let a be q(-10). Suppose a = 6*k - k. What are the prime factors of k?
2, 7
Let j = 11 + -6. Suppose -o - 29 = -i + 3*o, 5*i - o = 164. Suppose 4*s + j*g - i = 0, 3*s - s - 17 = -3*g. List the prime factors of s.
7
Let b be (3/2)/((-6)/(-16)). Suppose -6*c = -4*l - 3*c + 128, -136 = -b*l + c. List the prime factors of l.
5, 7
Let a(t) = t**2 + 5*t + 4. Let s be a(-5). Suppose 2*k + 3 - 9 = 0, 4*u - s*k = 52. What are the prime factors of u?
2
Let s(c) = -c**2 + c + 2. Let b be s(0). Let g(m) = 7*m**2 - 1 + 2*m**b + m**3 + 4*m - 2*m**2. List the prime factors of g(-6).
11
Suppose 4*b - 14 = a + 1, -3*b + 21 = -4*a. Suppose -b*o = o, -2*z + 4*o + 20 = 0. What are the prime factors of z?
2, 5
Let r be 2/8 - 46/(-8). Let l = 6 - r. Suppose l*v = v - 6. List the prime factors of v.
2, 3
Let i = -131 - -187. Suppose -5*k - 2*t + i = -6*t, -2*t - 58 = -5*k. List the prime factors of k.
2, 3
What are the prime factors of ((-540)/(-16) + -5)*4?
5, 23
Let q = 7 - 1. What are the prime factors of q?
2, 3
Let b(i) = 6*i. Let w be b(2). Suppose w - 3 = 3*m. Suppose 3*y + 6 = 2*y + 5*z, -5*y + 58 = -m*z. What are the prime factors of y?
2, 7
What are the prime factors of (-96)/(-72) - 338/(-3)?
2, 3, 19
Let c be 10 + (0 - (0 - -1)). List the prime factors of (c/6)/((-6)/(-56)).
2, 7
Let c be (-21)/18 - (-1)/6. What are the prime factors of (-8)/4 - (-4 + c)?
3
List the prime factors of (-2499)/(-63) - 1/(-3).
2, 5
Suppose 20 = 2*n + 3*n. Let j(q) = q**3 - 4*q**2 + 3*q + 3. Let u be j(n). Let r = -8 + u. List the prime factors of r.
7
Let d(r) = 5*r**2 - 3*r - 2. Let t be d(4). What are the prime factors of (t/(-12))/((-1)/2)?
11
Suppose 3*h - 4*h - 6 = 0. Let p(q) be the second derivative of -q**4/12 - 7*q**3/6 + 3*q**2/2 + 7*q. What are the prime factors of p(h)?
3
What are the prime factors of 40 - (-2 + (-2)/(-2))?
41
Let k be 3 + 6/(-1 + -2). Let p(i) = -4*i. Let b be p(k). List the prime factors of (-216)/(-15) - b/(-10).
2, 7
Let l(v) = -v**2 + 6*v + 11. List the prime factors of l(5).
2
Let j = 4 + 4. Suppose j = a - 56. Suppose -5*r - 24 + a = 0. What are the prime factors of r?
2
Suppose b - 3*g - 80 = 0, 4*b = 8*b - g - 353. List the prime factors of b.
89
Let o(g) = 2*g. Let f(j) = j + 8. Let n be f(-6). Suppose n*w + 6 = 14. What are the prime factors of o(w)?
2
Let a(b) = b**2 + b - 8. What are the prime factors of a(-7)?
2, 17
Let i(z) = -4*z**3 - 2*z + 1. Let a be i(1). Let q = 19 - a. What are the prime factors of q?
2, 3
Let g be (-218)/9 - (-4)/18. Let q = g + 34. What are the prime factors of q?
2, 5
List the prime factors of ((-88)/10)/((-2)/5).
2, 11
Suppose x - 25 = 13. Let p = x - 5. List the prime factors of p.
3, 11
Let n(f) = -f**2 + 12*f - 8. Suppose 4*k + 0*k - 44 = 0. Let j be n(k). Suppose -j*y - 14 = 2*z - 44, 2*y = -3*z + 35. What are the prime factors of z?
3
Suppose 0 = -i - 2*v, 11 = -4*i + 2*v + v. What are the prime factors of i/6*(-27 - 6)?
11
Let b(f) = 118*f**2 + f**3 - 2*f**3 - 119*f**2 + 10. Suppose -3*g + 8*g = 0. What are the prime factors of b(g)?
2, 5
Suppose k - 8*k = -154. What are the prime factors of k?
2, 11
Let o = -6 - -10. What are the prime factors of o/1 + 0/1?
2
Let b(m) be the first derivative of m**4/4 - 3*m**3 - 7*m**2/2 - 14*m - 2. What are the prime factors of b(10)?
2
Suppose 4*s + 3 = -2*i - 3, -5*i = -s - 18. Suppose -i*y - y + 16 = 0. List the prime factors of y.
2
Let o(d) = 17*d**3 - d**2. Suppose 3*v = 2*s + 4, 12 = s + 2*s. Suppose -6 + 2 = -v*a. List the prime factors of o(a).
2
Let l = -20 - -5. Let u = l - -21. List the prime factors of 3/(9/u) + 0.
2
Suppose 0 = -3*l + 1049 - 230. List the prime factors of l.
3, 7, 13
Let s = -43 + 101. What are the prime factors of s?
2, 29
Let u(k) = 2*k - 5. List the prime factors of u(4).
3
Let m(p) = p**2 - 2*p + 40. List the prime factors of m(0).
2, 5
Suppose -25 = 5*j - 10. Let w = j + 6. Suppose w*c - 5 = 2*c. List the prime factors of c.
5
Let m = 1 + 2. What are the prime factors of 2*(m + 0 - 0)?
2, 3
What are the prime factors of 208*(9/(-10))/((-12)/10)?
2, 3, 13
Let u(n) = -n + 6. Let i be u(5). Suppose 5*d + i = 11. List the prime factors of d.
2
List the prime factors of 4 + -4*(0 - 3).
2
Let z = 8 - 15. Let j be -3*z*2/2. What are the prime factors of 1/((-2 + 5)/j)?
7
Su